{"id":1316,"date":"2017-10-16T04:10:26","date_gmt":"2017-10-16T04:10:26","guid":{"rendered":"http:\/\/ninzio.com\/bauer\/?page_id=1316"},"modified":"2026-03-11T13:51:15","modified_gmt":"2026-03-11T10:51:15","slug":"hakkimizda","status":"publish","type":"page","link":"https:\/\/klauslift.com\/index.php\/hakkimizda\/","title":{"rendered":"Hakk\u0131m\u0131zda"},"content":{"rendered":"<div class=\"wpb-content-wrapper\"><p>[vc_row css=&#8221;.vc_custom_1558754119849{background-image: url(http:\/\/ninzio.com\/bauer\/wp-content\/uploads\/2019\/05\/main-bg-1.png?id=8860) !important;background-position: center !important;background-repeat: no-repeat !important;background-size: cover !important;}&#8221; el_id=&#8221;first-row&#8221;][vc_column]\n\t<div class=\"bauer-spacer clearfix\" data-desktop=\"94\" data-mobi=\"60\" data-smobi=\"60\"><\/div>[vc_row_inner][vc_column_inner width=&#8221;1\/2&#8243;]<div class=\"bauer-single-heading clearfix \" style=\"margin-bottom:25px;\"><span class=\"inner\"><span class=\"heading clearfix \" style=\"font-weight:600;color:#cacaca;font-size:16px;\">\n\t\tKlaus Lift Asans\u00f6r\n\t<\/span><\/span><\/div><h2 class=\"bauer-text clearfix \" style=\"font-size:42px;line-height:50px;margin-bottom:32px;\"><p>Asans\u00f6r Bak\u0131m-Ar\u0131za-Revizyon ve Montaj Hizmetleri<\/p>\n<\/h2><div class=\"bauer-text clearfix \" style=\"font-size:18px;line-height:30px;color:#414042;margin-bottom:34px;\"><p style=\"text-align: justify; line-height: 18.75pt; background: white; margin: 0cm 0cm 15.0pt 0cm;\"><span style=\"font-family: Roboto; color: #7a7a7a;\">Klaus Lift Asans\u00f6r, sekt\u00f6r\u00fcnde 10 y\u0131l hizmet vermi\u015f, kalitesini \u00fcstlendi\u011fi her projede kan\u0131tlam\u0131\u015f, ISO9001:2000 ve CE \u00e7al\u0131\u015fmalar\u0131n\u0131 tamamlam\u0131\u015f ve 2024 y\u0131l\u0131 sonunda bu belgeleri almaya hak kazanm\u0131\u015ft\u0131r.Bunun yan\u0131s\u0131ra TSE Hizmet Yeri Yeterlilik Belgesi, Sanayi Bakanl\u0131\u011f\u0131 Sat\u0131\u015f Sonras\u0131 Hizmet Yeri Yeterlilik Belgesi ve Garanti Belgesi Sertifikalar\u0131na sahiptir.<o:p><\/o:p><\/span><\/p>\n<\/div><div class=\"bauer-text clearfix \" style=\"\"><p style=\"text-align: justify; line-height: 18.75pt; background: white; margin: 0cm 0cm 15.0pt 0cm;\"><span style=\"font-family: Roboto; color: #7a7a7a;\">Uzman Kadrosu ile y\u00fcksek in\u015fa kapasitelerine ula\u015fan, kaliteli referanslar\u0131 ile sabitle\u015fmi\u015f olan Royal Asans\u00f6r, asans\u00f6r ar\u0131za bak\u0131m, servis, montaj ve m\u00fchendislik hizmetleri, asans\u00f6r avan projeleri, Fenni Muayene Raporlar\u0131 , Asans\u00f6r \u0130\u015fletme Ruhsat\u0131, plan, proje ve Asans\u00f6r Y\u0131ll\u0131k Periyodik Kontrol Raporlar\u0131n\u0131n da hizmetini vermektedir.<o:p><\/o:p><\/span><\/p>\n<p style=\"text-align: justify; line-height: 18.75pt; background: white; margin: 0cm 0cm 15.0pt 0cm;\"><span style=\"font-family: Roboto; color: #7a7a7a;\">Kalitesini referanslar\u0131yla kan\u0131tlam\u0131\u015f olan Klaus Lift Asans\u00f6r Firmas\u0131, \u00e7al\u0131\u015fmalar\u0131nda kazanm\u0131\u015f oldu\u011fu ba\u015far\u0131lar\u0131n hakl\u0131 gururunu ta\u015f\u0131maktad\u0131r.Vermi\u015f oldu\u011fu taahh\u00fctleri eksiksiz bir \u015fekilde yerine getiren firmam\u0131z, kalite standart\u0131n\u0131 daima y\u00fcksek tutan, geli\u015fen teknolojiyi takip eden, m\u00fc\u015fterilerine en kaliteli hizmeti verebilmek amac\u0131yla, s\u00fcrekli kendini yenileyen bir firma \u00f6zelli\u011fi ta\u015f\u0131maktad\u0131r.<o:p><\/o:p><\/span><\/p>\n<p style=\"text-align: justify; line-height: 18.75pt; background: white; margin: 0cm 0cm 15.0pt 0cm;\"><span style=\"font-family: Roboto; color: #7a7a7a;\">Servis i\u015flemlerinde, teknik personelimiz her biri kendi dal\u0131nda uzman m\u00fchendis , tekniker ve bu konularda uzman elemanlardan olu\u015fmaktad\u0131r. \u00d6ncelikle hedefi m\u00fc\u015fteri memnuniyeti olan kurulu\u015fumuz, m\u00fc\u015fterilerine daima kesintisiz ve kaliteli hizmet verebilmek amac\u0131yla, 7\/24 saat \u00e7al\u0131\u015fmalar\u0131na aral\u0131ks\u0131z devam etmektedir.<o:p><\/o:p><\/span><\/p>\n<\/div>\n\t<div class=\"bauer-spacer clearfix\" data-desktop=\"60\" data-mobi=\"30\" data-smobi=\"30\"><\/div><div class=\"button-wrap icon-right\" style=\"\" ><a href=\"#\" target=\"_self\" class=\"bauer-button btn-1886631591 medium no_icon custom outline solid outline-accent\" style=\"border-radius:30px;border-width:2px;\"  data-background=\"\" data-text=\"#f35c27\" data-text-hover=\"#ffffff\" data-background-hover=\"#f35c27\">\n\t\t<span style=\"\">Bizimle \u0130leti\u015fim <\/span>\n\t<\/a><\/div>[\/vc_column_inner][vc_column_inner width=&#8221;1\/2&#8243;]\n\t<div class=\"bauer-spacer clearfix\" data-desktop=\"55\" data-mobi=\"40\" data-smobi=\"40\"><\/div><div class=\"bauer-simple-image text-center\" style=\"\" >\n\t\t\t<img decoding=\"async\" alt=\"image\" src=\"https:\/\/klauslift.com\/wp-content\/uploads\/2026\/03\/Hizmetler-asansor-revizyon.jpg\" \/> \n\t\t<\/div>[\/vc_column_inner][\/vc_row_inner]\n\t<div class=\"bauer-spacer clearfix\" data-desktop=\"100\" data-mobi=\"60\" data-smobi=\"60\"><\/div>[\/vc_column][\/vc_row]<\/p>\n<\/div>","protected":false},"excerpt":{"rendered":"<p>[vc_row css=&#8221;.vc_custom_1558754119849{background-image: url(http:\/\/ninzio.com\/bauer\/wp-content\/uploads\/2019\/05\/main-bg-1.png?id=8860) !important;background-position: center !important;background-repeat: no-repeat !important;background-size: cover !important;}&#8221; el_id=&#8221;first-row&#8221;][vc_column][vc_row_inner][vc_column_inner width=&#8221;1\/2&#8243;][\/vc_column_inner][vc_column_inner width=&#8221;1\/2&#8243;][\/vc_column_inner][\/vc_row_inner][\/vc_column][\/vc_row]<\/p>\n","protected":false},"author":1,"featured_media":0,"parent":0,"menu_order":0,"comment_status":"closed","ping_status":"closed","template":"","meta":{"_monsterinsights_skip_tracking":false,"_monsterinsights_sitenote_active":false,"_monsterinsights_sitenote_note":"","_monsterinsights_sitenote_category":0,"footnotes":""},"class_list":["post-1316","page","type-page","status-publish","hentry"],"aioseo_notices":[],"_links":{"self":[{"href":"https:\/\/klauslift.com\/index.php\/wp-json\/wp\/v2\/pages\/1316","targetHints":{"allow":["GET"]}}],"collection":[{"href":"https:\/\/klauslift.com\/index.php\/wp-json\/wp\/v2\/pages"}],"about":[{"href":"https:\/\/klauslift.com\/index.php\/wp-json\/wp\/v2\/types\/page"}],"author":[{"embeddable":true,"href":"https:\/\/klauslift.com\/index.php\/wp-json\/wp\/v2\/users\/1"}],"replies":[{"embeddable":true,"href":"https:\/\/klauslift.com\/index.php\/wp-json\/wp\/v2\/comments?post=1316"}],"version-history":[{"count":2,"href":"https:\/\/klauslift.com\/index.php\/wp-json\/wp\/v2\/pages\/1316\/revisions"}],"predecessor-version":[{"id":9268,"href":"https:\/\/klauslift.com\/index.php\/wp-json\/wp\/v2\/pages\/1316\/revisions\/9268"}],"wp:attachment":[{"href":"https:\/\/klauslift.com\/index.php\/wp-json\/wp\/v2\/media?parent=1316"}],"curies":[{"name":"wp","href":"https:\/\/api.w.org\/{rel}","templated":true}]}}